?
2, 1667
Let g(h) be the first derivative of 58*h**4 - h**3/3 - 5*h**2/2 + 5*h - 22. What are the prime factors of g(1)?
3, 7, 11
Let v = -1 + 6. Suppose 2*h = -8, -o + 4*h + 204 = 183. Suppose -o*s - l - l + 856 = 0, 5*s - 870 = v*l. What are the prime factors of s?
2, 43
Let x be (-8)/(-14) - (-144)/42. Let w = x + -10. Let s(u) = u**3 + 7*u**2 + 2*u + 2. List the prime factors of s(w).
2, 13
Suppose 0 = -4*h - 4*s - 112, 0*h = 3*h + s + 82. Let x = h + 459. List the prime factors of x.
2, 3
Let g be 0 + ((-52)/(-12))/((-3)/(-9)). Let u = -7 + g. Suppose u*o - 173 = -5*q + 2*o, -o = -2*q + 64. List the prime factors of q.
3, 11
Let z = 8728 + -6556. What are the prime factors of z?
2, 3, 181
Suppose -32*o + 355806 = -24*o + 19*o. What are the prime factors of o?
2, 11, 599
Let b(w) = 130*w**2 + 165*w + 172. List the prime factors of b(-17).
7, 23, 31
Let y = -17153 - -28589. List the prime factors of y.
2, 3, 953
Let t(i) = i**2 + 11*i - 31. Let u be t(-13). Let s(l) = l + 7. Let o be s(u). Suppose 3*p - 91 = -3*a + o*a, 385 = 5*a + p. List the prime factors of a.
2, 19
Suppose 3*d - 4*q - 4 = 0, 55*q - 50*q = 2*d - 5. Suppose 5*v - 686 - 504 = d. What are the prime factors of v?
2, 7, 17
Let t(o) = 604*o**2 - 224*o - 1116. List the prime factors of t(-5).
2, 59
Suppose 0 = 2*o - 5*j - 31083, -o + 62*j - 64*j + 15546 = 0. What are the prime factors of o?
2, 29, 67
Suppose 2*v = 3*v + 4*p - 7291, 2*v + 3*p = 14587. List the prime factors of v.
5, 1459
Suppose 7*c - 11*c + 428 = 0. Suppose 4*v - c - 189 = 0. List the prime factors of v.
2, 37
Let m(g) = 12*g**3 + 2*g**2 - 2*g. Let h be m(1). Suppose -890 = -h*r + 166. List the prime factors of r.
2, 11
Let y(l) = 15*l**2 - 93*l - 12. Let j be y(6). Suppose s - 99 = 4*i, 5*s = 3*s + 4*i + 182. Let g = j + s. What are the prime factors of g?
53
Let s = 171 - 166. Suppose -2*h - s*a + 675 = 0, 0 = 4*h - h + 2*a - 985. List the prime factors of h.
5, 13
Let t = 90015 - 53065. What are the prime factors of t?
2, 5, 739
Suppose 10 = -2*o + 60. Let u be (-154)/(-10) - 10/o. Suppose -19*l + u*l + 96 = 0. What are the prime factors of l?
2, 3
Let i be (-4)/(2*2/(-20)). Let f(o) = -7*o + 11. Let j be f(i). Let c = 52 - j. What are the prime factors of c?
181
Suppose -1570*n + 139892 = -1566*n - 2*v, -4*n + 3*v + 139884 = 0. What are the prime factors of n?
3, 89, 131
Let y(r) be the second derivative of r**3/6 + 4*r**2 - 6*r. Let g be y(-6). List the prime factors of 282/9 - g/(-3).
2
List the prime factors of ((-2)/(-6))/(((-10)/27186)/(-5)).
23, 197
Let w = -2326 + 4978. List the prime factors of -5 + ((-27)/18)/((-9)/w).
19, 23
Let h(c) = 4*c**2 + 78*c + 354. Let v be h(-5). What are the prime factors of (v - -4) + (-1 - -6 - 4)?
3, 23
Let g(k) be the second derivative of -3*k**3/2 + 40*k**2 - 97*k. List the prime factors of g(0).
2, 5
Let h(n) = n**2 - 20*n + 24. Let k be h(19). Suppose -2 = k*i - 32. Suppose -q = q - i. What are the prime factors of q?
3
List the prime factors of (27 - -7)*(-43 + 520).
2, 3, 17, 53
Let l be (7 - 6 - 8)*108/(-14). Let y = 54 - l. Suppose b - 4*n - 448 = -3*b, -2*b - n + 227 = y. List the prime factors of b.
113
Suppose -31*p + 15 = -26*p. Suppose 50 = -k + p*k. List the prime factors of (-5)/(k/(-260)) + 3.
5, 11
Let h(y) = 36*y**3 - 6*y**2 + 19*y - 65. Let d be h(5). Suppose -3*l + 13*l - d = 0. What are the prime factors of l?
2, 3, 73
Let w(y) = y**3 + 47*y**2 + 28*y - 86. List the prime factors of w(-43).
2, 43, 71
Let i(u) = -6*u**3 - 46*u**2 - u - 89. List the prime factors of i(-15).
2, 17
Suppose -3*k = -4*o + 31250 - 9607, 0 = 4*o - 2*k - 21646. List the prime factors of o.
5413
Suppose -3 - 3 = -6*y. Let s be ((-21)/9 + y)/(8/24). What are the prime factors of 2 + 1 + s + (0 - -63)?
2, 31
Let m(a) = a**3 + 114*a**2 + 168*a + 90. What are the prime factors of m(-112)?
2, 3181
Suppose 13011 = o + 3*b, 90*o - 87*o - 5*b = 38991. What are the prime factors of o?
2, 3, 11, 197
Let l(n) = -n**3 + 7*n**2 + 70*n - 40. List the prime factors of l(-18).
2, 5, 17
Let m(x) = -33*x + 124. Let w be m(3). Suppose 5*k = -72 - 18. Let j = w + k. What are the prime factors of j?
7
Let t = 51 + -49. Suppose -2*m + 446 = z, -t*z + m + 1352 = z. What are the prime factors of z?
2, 3, 5
Let c be (0/(-2))/(0 - (4 + -3)). Suppose 7*g - 6*g - 10 = c. Suppose g*f - 1206 = f. What are the prime factors of f?
2, 67
Let m = -300 + 568. Suppose -x + m = 3*x. Suppose -5*k = -3*f + x, 4*f - 8*k - 76 = -4*k. List the prime factors of f.
2, 7
Let d(k) = 21*k + 14. Let m be d(-13). Let f = 49 + m. List the prime factors of ((-4)/(-10))/((-3)/f).
2, 7
Suppose 2*h = -3*j + 1056, -2*h + 8*j - 10*j = -1056. Let o = h - 77. List the prime factors of o.
11, 41
Suppose -135659 - 78738 = -29*d. List the prime factors of d.
7393
Let b(j) = 2*j**3 - 11*j**2 + 4*j + 7. Let u be b(5). Suppose t + u*q = -0*q + 12, -2*q - 72 = -5*t. Let h(x) = 14*x - 60. What are the prime factors of h(t)?
2, 17
Let t = 24547 - 9513. List the prime factors of t.
2, 7517
Let c = 12 + -9. Suppose 0 = 5*z - 2*f - 14, -3*z + c*f + 3 = -9. Suppose -111 = -z*v + 19. List the prime factors of v.
5, 13
Let j(t) = -t**3 + 10*t**2 + 18*t - 22. Let l(i) = -i**3 + 24*i**2 + 23*i + 57. Let b be l(25). What are the prime factors of j(b)?
251
Let o be (-4470)/(-45)*-9*(-2)/3. Suppose 82*c = 80*c + o. List the prime factors of c.
2, 149
Let a(t) be the first derivative of -77*t**4/4 - 2*t**3/3 - t**2 + 9*t + 106. List the prime factors of a(-2).
3, 23
Suppose -k - 10 = -w - 3, 4*w - 26 = 5*k. Let h be (-4)/3*(-6)/(-4). List the prime factors of h/(-9) + 647/w*2.
2, 3
Let c = 137 + -61. Let v(u) = 2*u + 4. Let x be v(-2). Suppose 5*a + 2*i = 105 - 14, x = -5*a + 3*i + c. List the prime factors of a.
17
Let u = -5656 + 11500. What are the prime factors of u?
2, 3, 487
Suppose 86*m = 764068 + 1155022. List the prime factors of m.
5, 4463
Suppose -125*j + 579157 + 892468 = 0. List the prime factors of j.
61, 193
Let p(b) = 488*b**2 + 18*b - 182. What are the prime factors of p(7)?
2, 3, 7, 71
Let g(f) = 3*f**2 - 36*f - 2. Let a be g(12). What are the prime factors of a/20 - (-30126)/60?
2, 251
Suppose -17817 + 2334 - 825 = -9*z. List the prime factors of z.
2, 3, 151
Let b(n) = -13*n + 4. Let s be b(1). Let z be (-15)/s + -2 - 11/3. Let c(f) = 8*f**2 - 7*f - 12. What are the prime factors of c(z)?
2, 3
Suppose 67 - 145 = -6*n. Suppose -n*s + 11*s = -390. List the prime factors of s.
3, 5, 13
Let h = -7 - 0. Let c(t) = 3*t + 26. Let i be c(h). Suppose i = r + 1. List the prime factors of r.
2
Suppose 5*m + 5*i - 191275 = 0, -71*m + 72*m - 38291 = 3*i. What are the prime factors of m?
2, 4783
Let z be (-234)/(-3)*20*4/12. Suppose -5*v = z - 2145. What are the prime factors of v?
5, 13
Let l be ((-5355)/10)/(-9)*(-4)/(-2). Suppose -2*q + 140 = -5*f + 3*q, -3*f - 4*q - l = 0. Let h = 191 + f. What are the prime factors of h?
2, 79
Let y = 320 + -315. Suppose -4*r + 271 + 1754 = 3*l, y*r = 0. List the prime factors of l.
3, 5
What are the prime factors of 6660840/84 + (-12)/(-42) - 2?
2, 41, 967
Suppose 684*q - 680*q - 2310 = 15650. List the prime factors of q.
2, 5, 449
Let q(g) = 55*g**2 + 165*g + 5309. List the prime factors of q(-41).
3, 10111
Let u = 96 + -91. Suppose 3*n = 4*v - 96, -3*n + 8*n + 4*v + 128 = 0. What are the prime factors of n/10 - -3 - (-59)/u?
2, 3
Let d(i) = 3*i**3 - 24*i**2 + 11*i - 47. Suppose b - 12 = -v - 0*b, -38 = -3*v - 5*b. What are the prime factors of d(v)?
1163
Let h(c) = 58*c**2 - 34*c - 152. List the prime factors of h(-5).
2, 367
Let k be (-3)/((-6)/(-148)) + 0. Let u = -852 + 1011. Let h = k + u. List the prime factors of h.
5, 17
Let u(d) = -24 - 5*d + 16 + 0*d. Let s be u(-2). List the prime factors of s/(-2) + -1 - 3*-38.
2, 7
What are the prime factors of (315/420)/(372429/124140 - 3)?
5, 2069
Let g(o) = o**3 - 21*o**2 + 49*o + 204. List the prime factors of g(18).
2, 3, 19
Suppose 2*y - 4*g - 1824 = 446, 4*g = 3*y - 3397. Let u = y - 510. List the prime factors of u.
617
Let a(y) = -310*y + 93. Let o be a(-10). Suppose 0 = f - 6*n + 8*n - 647, -5*f = -4*n - o. List the prime factors of f.
641
Suppose 0 = 29*j - 17*j - 8016. Let a = j + -605. What are the prime factors of a?
3, 7
Let l be 16/64 + 